site?
True
Let j = -257 + 443. Let z = j - -194. Suppose -n = -5*n + z. Is n a composite number?
True
Let d(m) = -5*m - 3. Let w be d(-3). Suppose -w*o + 9 = -13*o. Let a(l) = -l**3 - 8*l**2 + l + 11. Is a(o) a prime number?
True
Suppose 4*y = -3*s - 20, 5*s + 3*y = 2*s - 15. Suppose -5*n + 0*n + 155 = s. Is n composite?
False
Suppose 32*a = 31*a - 15. Let w be 45/2*116/(-5). Is (w/(-15))/((-6)/a) a composite number?
True
Let k(x) = 3829*x + 87. Is k(14) a composite number?
False
Suppose 27*m - 381731 = -142997. Is m a prime number?
False
Let u(k) = -k**3 + k**2 + 7*k - 1. Let z be u(3). Suppose -4*a + x + 253 = -z*a, 0 = 5*x - 5. Is a composite?
False
Is ((-23)/1)/((-17)/4063) a prime number?
False
Let w = -13624 - -22125. Is w a composite number?
False
Is ((-6)/4)/3 + 315905/134 composite?
False
Let u = -35 - -19. Let j = u + 16. Suppose z - 58 - 165 = j. Is z a composite number?
False
Is -1*-4*(-173929)/(-14) prime?
False
Let z(c) = c**3 + 12*c**2 - 16*c - 5. Let b be 75/(-6) + ((-3)/(-2))/3. Is z(b) a prime number?
False
Is 12/(-42) - ((-195028)/28 - 6) a prime number?
True
Is 19448 - (38/57)/(2/(-9)) a prime number?
False
Let v be (1 - 0/3)*6. Suppose -s - v = -3*s, -2*y - 4*s + 802 = 0. Is y a prime number?
False
Let f = -161 - -341. Let r = -92 - 26. Let u = f - r. Is u a prime number?
False
Is (30 - 1429)*(1 + (-1 - 7)) composite?
True
Suppose -235227 = -3*p + 6*w, 3*p - 4*w - 110364 = 124855. Is p prime?
True
Suppose 30 = 10*r - 9*r. Let o = -20 + r. Is o composite?
True
Let k = 20 + -31. Let i be (-24)/k + (-4)/22. Suppose 2*j - 844 = -i*j. Is j composite?
False
Suppose 3317 = 2*w + 5*q, 3*q - 4980 = -9*w + 6*w. Is w prime?
False
Suppose 0*v - 3*k + 15 = -v, 4*v + 4*k = 20. Let s(b) be the third derivative of b**5/60 - b**4/24 + 299*b**3/6 + b**2. Is s(v) prime?
False
Let j(h) = -h**3 - 8*h**2 - h - 5. Let v be j(-8). Is (-3)/(-2 + 1) - (-438)/v a prime number?
True
Let j(k) = -k + 13. Let d be j(0). Suppose 0*g + 4*g + 12 = 0, -2*u + 3*g + d = 0. Is (u/6)/(1/177) prime?
True
Let a(l) = 5*l + 2. Let r be a(1). Let o be (r/(-14))/((-1)/458). Suppose -3*p = -116 - o. Is p a composite number?
True
Is (12295/5)/(2/14) prime?
False
Let n(b) = 4*b + 8. Let c be n(-8). Let x = -21 - c. Is (295 - -15) + x*-1 a prime number?
True
Is 2/(-6)*(-15)/(-10)*-886 a composite number?
False
Suppose 0 = -3*j - 0*j + 60. Let l = -18 + j. Suppose -l*b + 3*c = -47, 4*b - 9*b + 4*c + 114 = 0. Is b composite?
True
Let y(v) = -2*v**2 + 3817. Is y(0) prime?
False
Suppose 5*t + 25 - 5 = 0. Suppose 24 = 2*i + 34. Is ((-287)/t)/(i/(-20)) a prime number?
False
Let g = -15703 + 41206. Is g a composite number?
True
Let k(f) = 10*f - 2. Let w be k(3). Suppose 25*b = w*b - 282. Is b composite?
True
Let p = 40 + 51. Suppose r = -p + 282. Is r prime?
True
Let p(m) = 79*m + 20. Let l(b) = 79*b + 18. Let a(h) = 4*l(h) - 5*p(h). Is a(-11) a composite number?
True
Let g = -3211 - -4650. Is g a prime number?
True
Suppose -2325 = -5*r - 3*s, -3*r - 4*s + 2*s = -1396. Let g = r - -316. Is g a prime number?
False
Suppose -2140 = -5*d + 2*g, 0*g - 1280 = -3*d + 2*g. Suppose 395 = 3*l + i - d, l = -3*i + 275. Let t = -160 + l. Is t composite?
True
Let p(z) = z**3 - 4*z**2 - 4*z - 9. Let x be p(5). Let d(u) = 116*u + 13. Let k be d(x). Let l = k - -702. Is l a prime number?
True
Let s be -3 - (-17 - (1 + -1)). Suppose 745 = s*p - 9*p. Is p a prime number?
True
Suppose -543 = -j + g, 1478 + 706 = 4*j + 2*g. Suppose 0 = -12*i + 91 + j. Is i a prime number?
True
Let c(x) = 15*x**2 - 16*x - 8. Let r be c(14). Suppose -3*q = -7*q + r. Is q composite?
False
Is (3 - (3 - 3))*(-1956)/(-36) composite?
False
Is 1802 + (-2 + 3 - (6 + 2)) a prime number?
False
Suppose 127 + 133 = 5*t. Let w = t + 71. Is w a composite number?
True
Suppose 2*n - 8 = 5*j, 5*j - 20 = -5*n - 0*n. Is 7797/n - (-6)/(-24) a composite number?
False
Is (-6)/(-39) + (-62867)/(-91) composite?
False
Let k(w) = -29*w - 6 + 31*w - w**3 + 9*w**2 - 7 - 11. Let t be k(10). Let f = 225 + t. Is f composite?
True
Let l(z) = -z**2 + 9*z - 5. Let a be l(4). Let v be 42/a - 1/(-5). Suppose v*o - 1325 = -2*o. Is o a composite number?
True
Is 62868/4 - (-1 - 3) - -6 composite?
False
Let f(i) = 2*i**2 - 6*i + 10. Let q be f(4). Let o(z) = 16*z - 37. Is o(q) composite?
False
Suppose -2729 = -3*a - 2*m, -136*a + 141*a - 4543 = -2*m. Is a a prime number?
True
Let d = -245 - -363. Suppose -3*q - d = -2*u, -4*u + q = -q - 236. Is u composite?
False
Suppose 322248 = 4*r + 4*x, 3*r = 3*x - 8*x + 241688. Is r composite?
True
Suppose 17*l = 31104 + 11039. Is l composite?
True
Suppose 0 = -2*g + 4*m + 180, -4*m - 426 = 4*g - 9*g. Suppose 2*r + 35 = -61. Let x = g + r. Is x prime?
False
Let j = -976 - -1599. Suppose 2*b - j = -5*b. Is b composite?
False
Suppose -5*l - 3*o - 70 = 2*o, -l - 9 = -4*o. Let n = 11 + l. Let r(h) = -98*h**3 + h**2 - 4*h - 5. Is r(n) a prime number?
False
Let z(x) = 45*x**2 - 2*x. Let c(p) = -4*p**3 - 2*p - 1. Let t be c(-1). Is z(t) prime?
False
Suppose 4*h = -g + 1175, -902 = -5*h + 2*g + 557. Is h a prime number?
True
Suppose 40687 = 7*j + 2978. Is j prime?
True
Let u(j) be the third derivative of -41*j**7/5040 + j**6/120 + j**5/30 + 3*j**2. Let c(d) be the third derivative of u(d). Is c(-5) prime?
True
Let y(g) = 4592*g - 17. Is y(7) prime?
False
Let t = 2 + 2. Let v = t - 8. Let s(z) = -138*z + 5. Is s(v) a composite number?
False
Let k(c) = c**2 + 8*c - 7. Let w be k(-10). Suppose 0 = 10*o - w*o + 7005. Suppose h + o = 6*h. Is h prime?
True
Let f(l) = l**3 + 18*l**2 - 23*l - 29. Is f(-13) a prime number?
False
Suppose -a - 3*a - 32 = 0. Let h(o) = -o**3 - 8*o**2 + 2*o + 10. Let m be h(a). Is (-464)/m + 5/(-15) a composite number?
True
Is 1627 + (-7 - 16/8) a composite number?
True
Suppose 14732 + 9369 = 7*p. Is p a composite number?
True
Let x(z) = 4*z**3 + 2*z - 1. Let f be x(1). Let t(g) = -2*g + 4. Let v(m) = -3*m + 4. Let b(h) = 6*t(h) - 5*v(h). Is b(f) prime?
True
Let y be 14/(-10) + 2 - (-86)/(-10). Is -2426*(12/y)/3 composite?
False
Let y(o) = 376*o**2 + 10*o - 9. Is y(1) composite?
True
Let o(r) = r + 2. Let u be o(3). Suppose u*b - 10*b = -595. Is b composite?
True
Let z = 30 - 25. Let c = z - 0. Suppose -i + 418 = -c*h + 99, 638 = 2*i + 5*h. Is i prime?
False
Suppose -3*z + 9*z - 24 = 0. Let m(c) = -18*c - 1. Let r(i) = 36*i + 1. Let p(u) = -9*m(u) - 4*r(u). Is p(z) prime?
False
Suppose 2*g - 10*g + 760 = 0. Suppose 6*f - 1003 = g. Is f prime?
False
Suppose -2*t + 0*t - 2*k = -35926, 2*t = 5*k + 35940. Is t prime?
False
Let p(i) = -i - 1. Let z be p(-1). Suppose z*h - a + 1 = -2*h, 5*h = 4*a - 4. Suppose 5*d - 262 + 17 = h. Is d a prime number?
False
Suppose 0 = -t + 4*a + 98291 - 18028, -t + 80260 = -3*a. Is t prime?
True
Suppose 5*x = 3*u + 1268, -257 = -5*x + 4*x + 4*u. Is x composite?
True
Suppose 2092 = 2*i + i - x, x + 700 = i. Suppose 4*z - i - 416 = 0. Is z a prime number?
False
Let u(k) = 15*k - 9. Let t(x) = -15*x + 9. Let c(i) = 3*t(i) + 4*u(i). Is c(4) a composite number?
True
Let k be 48/(-80) + 46/10. Suppose -4*u + i - 5 = -1, -5*u + i - k = 0. Suppose 3*m - 2273 = s, u = 2*m - 0*s + s - 1512. Is m composite?
False
Let b be (-9)/(-15)*10/2. Suppose 4799 = b*k + 2*f, k + 4*f - 2*f = 1605. Is k a prime number?
True
Suppose -17 = -l + 4*v + 498, -2*v = 2. Let d = -248 + l. Is d a prime number?
True
Suppose 0*a = -a + 3*d + 17, 2*a + 2*d = -6. Let s be -2 + 0 - (a + -5). Is (s/2)/((-2)/(-28)) a composite number?
False
Suppose -2*k + 17 = f, -6*f + 46 = -3*f + 5*k. Let h(q) = -6 + 3*q**3 - 4*q**3 + q - 4*q + 11*q**2 - 3*q**2. Is h(f) a prime number?
False
Suppose -2570 = 31*z - 41*z. Is z prime?
True
Let a = -1760 - -3025. Suppose 5*z + 0*z - a = 2*k, 492 = 2*z + 2*k. Is z a prime number?
True
Let i(x) = x + 19. Let z be i(-14). Suppose -z*c + 8 = -c. Suppose 6*h - 523 = c*h - 3*b, 122 = h - b. Is h prime?
True
Suppose n + 235 + 333 = 0. Let l = n + 1337. Is l a composite number?
False
Let r = -70 - -40. Is (r/12 - -3)*(1310 - 0) prime?
False
Let i(b) = 9*b**2 - b**3 - 9*b + b**2 - 5*b**2 + 5*b**2 + 4. Let h be i(9). Suppose -h*v + 8*v - 332 = 0. Is v a prime number?
True
Suppose 10*c - c = 366615. Is c a prime number?
False
Suppose 14 = -223*s + 225*s. Suppose 11*r = s*r + 22036. Is r com